{"id":823,"date":"2023-04-09T08:59:42","date_gmt":"2023-04-09T06:59:42","guid":{"rendered":"https:\/\/www.novalair.lu\/?page_id=823"},"modified":"2024-09-11T17:49:25","modified_gmt":"2024-09-11T15:49:25","slug":"maintenance-nettoyage-filtres-a-graisse-ventilateurs-trappes","status":"publish","type":"page","link":"https:\/\/www.novalair.lu\/index.php\/maintenance-nettoyage-filtres-a-graisse-ventilateurs-trappes\/","title":{"rendered":"Nettoyage industriels sp\u00e9cifiques"},"content":{"rendered":"\t\t<div data-elementor-type=\"wp-page\" data-elementor-id=\"823\" class=\"elementor elementor-823\">\n\t\t\t\t\t\t<section class=\"elementor-section elementor-top-section elementor-element elementor-element-005ce15 elementor-section-boxed elementor-section-height-default elementor-section-height-default\" data-id=\"005ce15\" data-element_type=\"section\" data-e-type=\"section\">\n\t\t\t\t\t\t<div class=\"elementor-container elementor-column-gap-default\">\n\t\t\t\t\t<div class=\"elementor-column elementor-col-100 elementor-top-column elementor-element elementor-element-3c3408a\" data-id=\"3c3408a\" data-element_type=\"column\" data-e-type=\"column\">\n\t\t\t<div class=\"elementor-widget-wrap elementor-element-populated\">\n\t\t\t\t\t\t<div class=\"elementor-element elementor-element-8141bb7 elementor-widget elementor-widget-text-editor\" data-id=\"8141bb7\" data-element_type=\"widget\" data-e-type=\"widget\" data-widget_type=\"text-editor.default\">\n\t\t\t\t<div class=\"elementor-widget-container\">\n\t\t\t\t\t\t\t\t\t<p>Toutes nos \u00e9quipes sont form\u00e9es au travail en hauteur avec ou sans nacelle et aussi pour le travail en espace confin\u00e9 :<\/p><p>Nettoyage de <strong>bardage<\/strong><\/p><p>Nettoyage de <strong>silo<\/strong><\/p><p>Nettoyage de <strong>bassin<\/strong> ou cuve (a\u00e9rien ou enterr\u00e9)<\/p><p>Nettoyage de <strong>r\u00e9cup\u00e9rateur de chaleur<\/strong> et <strong>d&rsquo;\u00e9changeur\u00a0<\/strong><\/p>\t\t\t\t\t\t\t\t<\/div>\n\t\t\t\t<\/div>\n\t\t\t\t\t<\/div>\n\t\t<\/div>\n\t\t\t\t\t<\/div>\n\t\t<\/section>\n\t\t\t\t<section class=\"elementor-section elementor-top-section elementor-element elementor-element-2c4ddc7 elementor-section-boxed elementor-section-height-default elementor-section-height-default\" data-id=\"2c4ddc7\" data-element_type=\"section\" data-e-type=\"section\">\n\t\t\t\t\t\t<div class=\"elementor-container elementor-column-gap-default\">\n\t\t\t\t\t<div class=\"elementor-column elementor-col-50 elementor-top-column elementor-element elementor-element-c6d5ede\" data-id=\"c6d5ede\" data-element_type=\"column\" data-e-type=\"column\">\n\t\t\t<div class=\"elementor-widget-wrap elementor-element-populated\">\n\t\t\t\t\t\t<div class=\"elementor-element elementor-element-ce518a0 elementor-widget elementor-widget-image\" data-id=\"ce518a0\" data-element_type=\"widget\" data-e-type=\"widget\" data-widget_type=\"image.default\">\n\t\t\t\t<div class=\"elementor-widget-container\">\n\t\t\t\t\t\t\t\t\t\t\t\t\t\t\t<img fetchpriority=\"high\" decoding=\"async\" width=\"768\" height=\"1024\" src=\"https:\/\/www.novalair.lu\/wp-content\/uploads\/2024\/09\/IMG_9860-768x1024.jpg\" class=\"attachment-large size-large wp-image-1452\" alt=\"\" srcset=\"https:\/\/www.novalair.lu\/wp-content\/uploads\/2024\/09\/IMG_9860-768x1024.jpg 768w, https:\/\/www.novalair.lu\/wp-content\/uploads\/2024\/09\/IMG_9860-225x300.jpg 225w, https:\/\/www.novalair.lu\/wp-content\/uploads\/2024\/09\/IMG_9860-1152x1536.jpg 1152w, https:\/\/www.novalair.lu\/wp-content\/uploads\/2024\/09\/IMG_9860-1536x2048.jpg 1536w, https:\/\/www.novalair.lu\/wp-content\/uploads\/2024\/09\/IMG_9860-scaled.jpg 1920w\" sizes=\"(max-width: 768px) 100vw, 768px\" \/>\t\t\t\t\t\t\t\t\t\t\t\t\t\t\t<\/div>\n\t\t\t\t<\/div>\n\t\t\t\t\t<\/div>\n\t\t<\/div>\n\t\t\t\t<div class=\"elementor-column elementor-col-50 elementor-top-column elementor-element elementor-element-524e7b6\" data-id=\"524e7b6\" data-element_type=\"column\" data-e-type=\"column\">\n\t\t\t<div class=\"elementor-widget-wrap elementor-element-populated\">\n\t\t\t\t\t\t<div class=\"elementor-element elementor-element-1394777 elementor-widget elementor-widget-image\" data-id=\"1394777\" data-element_type=\"widget\" data-e-type=\"widget\" data-widget_type=\"image.default\">\n\t\t\t\t<div class=\"elementor-widget-container\">\n\t\t\t\t\t\t\t\t\t\t\t\t\t\t\t<img decoding=\"async\" width=\"768\" height=\"1024\" src=\"https:\/\/www.novalair.lu\/wp-content\/uploads\/2024\/09\/406d00fd-9965-4e6c-8eb1-64d6e4c7dbfc-768x1024.jpg\" class=\"attachment-large size-large wp-image-1453\" alt=\"\" srcset=\"https:\/\/www.novalair.lu\/wp-content\/uploads\/2024\/09\/406d00fd-9965-4e6c-8eb1-64d6e4c7dbfc-768x1024.jpg 768w, https:\/\/www.novalair.lu\/wp-content\/uploads\/2024\/09\/406d00fd-9965-4e6c-8eb1-64d6e4c7dbfc-225x300.jpg 225w, https:\/\/www.novalair.lu\/wp-content\/uploads\/2024\/09\/406d00fd-9965-4e6c-8eb1-64d6e4c7dbfc-1152x1536.jpg 1152w, https:\/\/www.novalair.lu\/wp-content\/uploads\/2024\/09\/406d00fd-9965-4e6c-8eb1-64d6e4c7dbfc.jpg 1200w\" sizes=\"(max-width: 768px) 100vw, 768px\" \/>\t\t\t\t\t\t\t\t\t\t\t\t\t\t\t<\/div>\n\t\t\t\t<\/div>\n\t\t\t\t\t<\/div>\n\t\t<\/div>\n\t\t\t\t\t<\/div>\n\t\t<\/section>\n\t\t\t\t<\/div>\n\t\t","protected":false},"excerpt":{"rendered":"<p>Toutes nos \u00e9quipes sont form\u00e9es au travail en hauteur avec ou sans nacelle et aussi pour le travail en espace&#8230;<\/p>\n","protected":false},"author":1,"featured_media":0,"parent":0,"menu_order":0,"comment_status":"closed","ping_status":"closed","template":"","meta":{"om_disable_all_campaigns":false,"_monsterinsights_skip_tracking":false,"_monsterinsights_sitenote_active":false,"_monsterinsights_sitenote_note":"","_monsterinsights_sitenote_category":0,"_uf_show_specific_survey":0,"_uf_disable_surveys":false,"_glsr_average":0,"_glsr_ranking":0,"_glsr_reviews":0,"footnotes":""},"class_list":["post-823","page","type-page","status-publish","hentry"],"yoast_head":"<!-- This site is optimized with the Yoast SEO plugin v27.4 - https:\/\/yoast.com\/product\/yoast-seo-wordpress\/ -->\n<title>Nettoyage industriels sp\u00e9cifiques - Novalair<\/title>\n<meta name=\"robots\" content=\"index, follow, max-snippet:-1, max-image-preview:large, max-video-preview:-1\" \/>\n<link rel=\"canonical\" href=\"https:\/\/www.novalair.lu\/index.php\/maintenance-nettoyage-filtres-a-graisse-ventilateurs-trappes\/\" \/>\n<meta property=\"og:locale\" content=\"fr_FR\" \/>\n<meta property=\"og:type\" content=\"article\" \/>\n<meta property=\"og:title\" content=\"Nettoyage industriels sp\u00e9cifiques - Novalair\" \/>\n<meta property=\"og:description\" content=\"Toutes nos \u00e9quipes sont form\u00e9es au travail en hauteur avec ou sans nacelle et aussi pour le travail en espace...\" \/>\n<meta property=\"og:url\" content=\"https:\/\/www.novalair.lu\/index.php\/maintenance-nettoyage-filtres-a-graisse-ventilateurs-trappes\/\" \/>\n<meta property=\"og:site_name\" content=\"Novalair\" \/>\n<meta property=\"article:modified_time\" content=\"2024-09-11T15:49:25+00:00\" \/>\n<meta property=\"og:image\" content=\"https:\/\/www.novalair.lu\/wp-content\/uploads\/2024\/09\/IMG_9860-768x1024.jpg\" \/>\n<meta name=\"twitter:card\" content=\"summary_large_image\" \/>\n<meta name=\"twitter:label1\" content=\"Dur\u00e9e de lecture estim\u00e9e\" \/>\n\t<meta name=\"twitter:data1\" content=\"1 minute\" \/>\n<script type=\"application\/ld+json\" class=\"yoast-schema-graph\">{\"@context\":\"https:\\\/\\\/schema.org\",\"@graph\":[{\"@type\":\"WebPage\",\"@id\":\"https:\\\/\\\/www.novalair.lu\\\/index.php\\\/maintenance-nettoyage-filtres-a-graisse-ventilateurs-trappes\\\/\",\"url\":\"https:\\\/\\\/www.novalair.lu\\\/index.php\\\/maintenance-nettoyage-filtres-a-graisse-ventilateurs-trappes\\\/\",\"name\":\"Nettoyage industriels sp\u00e9cifiques - Novalair\",\"isPartOf\":{\"@id\":\"https:\\\/\\\/www.novalair.lu\\\/#website\"},\"primaryImageOfPage\":{\"@id\":\"https:\\\/\\\/www.novalair.lu\\\/index.php\\\/maintenance-nettoyage-filtres-a-graisse-ventilateurs-trappes\\\/#primaryimage\"},\"image\":{\"@id\":\"https:\\\/\\\/www.novalair.lu\\\/index.php\\\/maintenance-nettoyage-filtres-a-graisse-ventilateurs-trappes\\\/#primaryimage\"},\"thumbnailUrl\":\"https:\\\/\\\/www.novalair.lu\\\/wp-content\\\/uploads\\\/2024\\\/09\\\/IMG_9860-768x1024.jpg\",\"datePublished\":\"2023-04-09T06:59:42+00:00\",\"dateModified\":\"2024-09-11T15:49:25+00:00\",\"breadcrumb\":{\"@id\":\"https:\\\/\\\/www.novalair.lu\\\/index.php\\\/maintenance-nettoyage-filtres-a-graisse-ventilateurs-trappes\\\/#breadcrumb\"},\"inLanguage\":\"fr-FR\",\"potentialAction\":[{\"@type\":\"ReadAction\",\"target\":[\"https:\\\/\\\/www.novalair.lu\\\/index.php\\\/maintenance-nettoyage-filtres-a-graisse-ventilateurs-trappes\\\/\"]}]},{\"@type\":\"ImageObject\",\"inLanguage\":\"fr-FR\",\"@id\":\"https:\\\/\\\/www.novalair.lu\\\/index.php\\\/maintenance-nettoyage-filtres-a-graisse-ventilateurs-trappes\\\/#primaryimage\",\"url\":\"https:\\\/\\\/www.novalair.lu\\\/wp-content\\\/uploads\\\/2024\\\/09\\\/IMG_9860-scaled.jpg\",\"contentUrl\":\"https:\\\/\\\/www.novalair.lu\\\/wp-content\\\/uploads\\\/2024\\\/09\\\/IMG_9860-scaled.jpg\",\"width\":1920,\"height\":2560},{\"@type\":\"BreadcrumbList\",\"@id\":\"https:\\\/\\\/www.novalair.lu\\\/index.php\\\/maintenance-nettoyage-filtres-a-graisse-ventilateurs-trappes\\\/#breadcrumb\",\"itemListElement\":[{\"@type\":\"ListItem\",\"position\":1,\"name\":\"Accueil\",\"item\":\"https:\\\/\\\/www.novalair.lu\\\/\"},{\"@type\":\"ListItem\",\"position\":2,\"name\":\"Nettoyage industriels sp\u00e9cifiques\"}]},{\"@type\":\"WebSite\",\"@id\":\"https:\\\/\\\/www.novalair.lu\\\/#website\",\"url\":\"https:\\\/\\\/www.novalair.lu\\\/\",\"name\":\"Novalair\",\"description\":\"L&#039;excellence au service de l&#039;eau et de l&#039;air\",\"publisher\":{\"@id\":\"https:\\\/\\\/www.novalair.lu\\\/#organization\"},\"potentialAction\":[{\"@type\":\"SearchAction\",\"target\":{\"@type\":\"EntryPoint\",\"urlTemplate\":\"https:\\\/\\\/www.novalair.lu\\\/?s={search_term_string}\"},\"query-input\":{\"@type\":\"PropertyValueSpecification\",\"valueRequired\":true,\"valueName\":\"search_term_string\"}}],\"inLanguage\":\"fr-FR\"},{\"@type\":\"Organization\",\"@id\":\"https:\\\/\\\/www.novalair.lu\\\/#organization\",\"name\":\"Novalair\",\"url\":\"https:\\\/\\\/www.novalair.lu\\\/\",\"logo\":{\"@type\":\"ImageObject\",\"inLanguage\":\"fr-FR\",\"@id\":\"https:\\\/\\\/www.novalair.lu\\\/#\\\/schema\\\/logo\\\/image\\\/\",\"url\":\"https:\\\/\\\/www.novalair.lu\\\/wp-content\\\/uploads\\\/2023\\\/04\\\/cropped-Logo_without_baiseline.png\",\"contentUrl\":\"https:\\\/\\\/www.novalair.lu\\\/wp-content\\\/uploads\\\/2023\\\/04\\\/cropped-Logo_without_baiseline.png\",\"width\":865,\"height\":177,\"caption\":\"Novalair\"},\"image\":{\"@id\":\"https:\\\/\\\/www.novalair.lu\\\/#\\\/schema\\\/logo\\\/image\\\/\"}}]}<\/script>\n<!-- \/ Yoast SEO plugin. -->","yoast_head_json":{"title":"Nettoyage industriels sp\u00e9cifiques - Novalair","robots":{"index":"index","follow":"follow","max-snippet":"max-snippet:-1","max-image-preview":"max-image-preview:large","max-video-preview":"max-video-preview:-1"},"canonical":"https:\/\/www.novalair.lu\/index.php\/maintenance-nettoyage-filtres-a-graisse-ventilateurs-trappes\/","og_locale":"fr_FR","og_type":"article","og_title":"Nettoyage industriels sp\u00e9cifiques - Novalair","og_description":"Toutes nos \u00e9quipes sont form\u00e9es au travail en hauteur avec ou sans nacelle et aussi pour le travail en espace...","og_url":"https:\/\/www.novalair.lu\/index.php\/maintenance-nettoyage-filtres-a-graisse-ventilateurs-trappes\/","og_site_name":"Novalair","article_modified_time":"2024-09-11T15:49:25+00:00","og_image":[{"url":"https:\/\/www.novalair.lu\/wp-content\/uploads\/2024\/09\/IMG_9860-768x1024.jpg","type":"","width":"","height":""}],"twitter_card":"summary_large_image","twitter_misc":{"Dur\u00e9e de lecture estim\u00e9e":"1 minute"},"schema":{"@context":"https:\/\/schema.org","@graph":[{"@type":"WebPage","@id":"https:\/\/www.novalair.lu\/index.php\/maintenance-nettoyage-filtres-a-graisse-ventilateurs-trappes\/","url":"https:\/\/www.novalair.lu\/index.php\/maintenance-nettoyage-filtres-a-graisse-ventilateurs-trappes\/","name":"Nettoyage industriels sp\u00e9cifiques - Novalair","isPartOf":{"@id":"https:\/\/www.novalair.lu\/#website"},"primaryImageOfPage":{"@id":"https:\/\/www.novalair.lu\/index.php\/maintenance-nettoyage-filtres-a-graisse-ventilateurs-trappes\/#primaryimage"},"image":{"@id":"https:\/\/www.novalair.lu\/index.php\/maintenance-nettoyage-filtres-a-graisse-ventilateurs-trappes\/#primaryimage"},"thumbnailUrl":"https:\/\/www.novalair.lu\/wp-content\/uploads\/2024\/09\/IMG_9860-768x1024.jpg","datePublished":"2023-04-09T06:59:42+00:00","dateModified":"2024-09-11T15:49:25+00:00","breadcrumb":{"@id":"https:\/\/www.novalair.lu\/index.php\/maintenance-nettoyage-filtres-a-graisse-ventilateurs-trappes\/#breadcrumb"},"inLanguage":"fr-FR","potentialAction":[{"@type":"ReadAction","target":["https:\/\/www.novalair.lu\/index.php\/maintenance-nettoyage-filtres-a-graisse-ventilateurs-trappes\/"]}]},{"@type":"ImageObject","inLanguage":"fr-FR","@id":"https:\/\/www.novalair.lu\/index.php\/maintenance-nettoyage-filtres-a-graisse-ventilateurs-trappes\/#primaryimage","url":"https:\/\/www.novalair.lu\/wp-content\/uploads\/2024\/09\/IMG_9860-scaled.jpg","contentUrl":"https:\/\/www.novalair.lu\/wp-content\/uploads\/2024\/09\/IMG_9860-scaled.jpg","width":1920,"height":2560},{"@type":"BreadcrumbList","@id":"https:\/\/www.novalair.lu\/index.php\/maintenance-nettoyage-filtres-a-graisse-ventilateurs-trappes\/#breadcrumb","itemListElement":[{"@type":"ListItem","position":1,"name":"Accueil","item":"https:\/\/www.novalair.lu\/"},{"@type":"ListItem","position":2,"name":"Nettoyage industriels sp\u00e9cifiques"}]},{"@type":"WebSite","@id":"https:\/\/www.novalair.lu\/#website","url":"https:\/\/www.novalair.lu\/","name":"Novalair","description":"L&#039;excellence au service de l&#039;eau et de l&#039;air","publisher":{"@id":"https:\/\/www.novalair.lu\/#organization"},"potentialAction":[{"@type":"SearchAction","target":{"@type":"EntryPoint","urlTemplate":"https:\/\/www.novalair.lu\/?s={search_term_string}"},"query-input":{"@type":"PropertyValueSpecification","valueRequired":true,"valueName":"search_term_string"}}],"inLanguage":"fr-FR"},{"@type":"Organization","@id":"https:\/\/www.novalair.lu\/#organization","name":"Novalair","url":"https:\/\/www.novalair.lu\/","logo":{"@type":"ImageObject","inLanguage":"fr-FR","@id":"https:\/\/www.novalair.lu\/#\/schema\/logo\/image\/","url":"https:\/\/www.novalair.lu\/wp-content\/uploads\/2023\/04\/cropped-Logo_without_baiseline.png","contentUrl":"https:\/\/www.novalair.lu\/wp-content\/uploads\/2023\/04\/cropped-Logo_without_baiseline.png","width":865,"height":177,"caption":"Novalair"},"image":{"@id":"https:\/\/www.novalair.lu\/#\/schema\/logo\/image\/"}}]}},"_links":{"self":[{"href":"https:\/\/www.novalair.lu\/index.php\/wp-json\/wp\/v2\/pages\/823","targetHints":{"allow":["GET"]}}],"collection":[{"href":"https:\/\/www.novalair.lu\/index.php\/wp-json\/wp\/v2\/pages"}],"about":[{"href":"https:\/\/www.novalair.lu\/index.php\/wp-json\/wp\/v2\/types\/page"}],"author":[{"embeddable":true,"href":"https:\/\/www.novalair.lu\/index.php\/wp-json\/wp\/v2\/users\/1"}],"replies":[{"embeddable":true,"href":"https:\/\/www.novalair.lu\/index.php\/wp-json\/wp\/v2\/comments?post=823"}],"version-history":[{"count":30,"href":"https:\/\/www.novalair.lu\/index.php\/wp-json\/wp\/v2\/pages\/823\/revisions"}],"predecessor-version":[{"id":1616,"href":"https:\/\/www.novalair.lu\/index.php\/wp-json\/wp\/v2\/pages\/823\/revisions\/1616"}],"wp:attachment":[{"href":"https:\/\/www.novalair.lu\/index.php\/wp-json\/wp\/v2\/media?parent=823"}],"curies":[{"name":"wp","href":"https:\/\/api.w.org\/{rel}","templated":true}]}}