{"id":701,"date":"2023-04-09T08:59:14","date_gmt":"2023-04-09T06:59:14","guid":{"rendered":"https:\/\/www.novalair.lu\/?page_id=701"},"modified":"2024-09-11T17:55:48","modified_gmt":"2024-09-11T15:55:48","slug":"audit-controle-aeraulique-mise-en-proprete","status":"publish","type":"page","link":"https:\/\/www.novalair.lu\/index.php\/audit-controle-aeraulique-mise-en-proprete\/","title":{"rendered":"Audit &#038; contr\u00f4le a\u00e9raulique &#8211; mise en propret\u00e9"},"content":{"rendered":"\t\t<div data-elementor-type=\"wp-page\" data-elementor-id=\"701\" class=\"elementor elementor-701\">\n\t\t\t\t\t\t<section class=\"elementor-section elementor-top-section elementor-element elementor-element-1c11de3 elementor-section-boxed elementor-section-height-default elementor-section-height-default\" data-id=\"1c11de3\" data-element_type=\"section\" data-e-type=\"section\">\n\t\t\t\t\t\t<div class=\"elementor-container elementor-column-gap-default\">\n\t\t\t\t\t<div class=\"elementor-column elementor-col-100 elementor-top-column elementor-element elementor-element-edd9ba6\" data-id=\"edd9ba6\" data-element_type=\"column\" data-e-type=\"column\">\n\t\t\t<div class=\"elementor-widget-wrap elementor-element-populated\">\n\t\t\t\t\t\t<div class=\"elementor-element elementor-element-aa3906b elementor-widget elementor-widget-text-editor\" data-id=\"aa3906b\" data-element_type=\"widget\" data-e-type=\"widget\" data-widget_type=\"text-editor.default\">\n\t\t\t\t<div class=\"elementor-widget-container\">\n\t\t\t\t\t\t\t\t\t<p><strong>Contr\u00f4le de Qualit\u00e9 de l\u2019Air Int\u00e9rieur<\/strong><br \/><strong>Contr\u00f4le des param\u00e8tres physico-chimiques et microbiologiques de l\u2019air\u00a0:<\/strong><\/p><ul><li>Temp\u00e9rature<\/li><li>Hygrom\u00e9trie<\/li><li>Dioxyde de Carbone (CO<sup>2<\/sup>)<\/li><li>Monoxyde de Carbone (CO)<\/li><li>Compos\u00e9s Organiques Volatiles Totaux (COVT)<\/li><li>Formald\u00e9hyde, Benz\u00e8ne, Dioxyde d\u2019Azote<\/li><li>Particules fines PM2.5 \/ PM10<\/li><li>Flore Bact\u00e9rienne, Flore Fongique<\/li><li>Germes pathog\u00e8nes<\/li><\/ul><p><strong>Audit et mesure acoustiques des installations<\/strong><br \/><strong>Expertise des nuisances sonores et mesures correctives<br \/><\/strong><strong>Audit A\u00e9raulique et contr\u00f4les r\u00e8glementaires<\/strong>\u00a0des ventilations de confort et sp\u00e9cifiques, r\u00e9seaux de d\u00e9senfumage, r\u00e9seaux VMC.<\/p><p><strong>Audit technique des installations de ventilation<\/strong><br \/>Audit de performance des syst\u00e8mes a\u00e9rauliques et de filtration de l\u2019air<\/p><p><strong>Inspection vid\u00e9o robotis\u00e9e<\/strong><br \/>Audit photos num\u00e9riques de toute installation a\u00e9raulique (R\u00e9seau de ventilation de confort, VMC, d\u00e9senfumage)<\/p><p><strong>Contr\u00f4le de l\u2019empoussi\u00e8rement des r\u00e9seaux de ventilation<\/strong><br \/>La norme NF EN 15780 d\u00e9crit les exigences et proc\u00e9dures g\u00e9n\u00e9rales n\u00e9cessaires pour \u00e9valuer et maintenir la propret\u00e9 des r\u00e9seaux de ventilation.<\/p><p><strong>Hygi\u00e8ne et s\u00e9curit\u00e9 au poste de travail<\/strong><br \/>Contr\u00f4le p\u00e9riodique des \u00e9quipements de laboratoires PSM, Sorbonnes, armoires ventil\u00e9es, bras articul\u00e9s.<\/p><p><strong>Qualification des Z.E.C (Zones \u00e0 Empoussi\u00e8rement Ma\u00eetris\u00e9es).<\/strong><br \/>Zone \u00e0 l\u2019int\u00e9rieur de laquelle la concentration en particules de l\u2019air ambiant est maintenue sous contr\u00f4le.<\/p><p><strong>Audit et contr\u00f4le de filtration de l\u2019air<\/strong><br \/>Tests d\u2019int\u00e9grit\u00e9 des filtres haute efficacit\u00e9<\/p>\t\t\t\t\t\t\t\t<\/div>\n\t\t\t\t<\/div>\n\t\t\t\t\t<\/div>\n\t\t<\/div>\n\t\t\t\t\t<\/div>\n\t\t<\/section>\n\t\t\t\t<\/div>\n\t\t","protected":false},"excerpt":{"rendered":"<p>Contr\u00f4le de Qualit\u00e9 de l\u2019Air Int\u00e9rieurContr\u00f4le des param\u00e8tres physico-chimiques et microbiologiques de l\u2019air\u00a0: Temp\u00e9rature Hygrom\u00e9trie Dioxyde de Carbone (CO2) Monoxyde&#8230;<\/p>\n","protected":false},"author":1,"featured_media":0,"parent":0,"menu_order":0,"comment_status":"closed","ping_status":"closed","template":"","meta":{"om_disable_all_campaigns":false,"_monsterinsights_skip_tracking":false,"_monsterinsights_sitenote_active":false,"_monsterinsights_sitenote_note":"","_monsterinsights_sitenote_category":0,"_uf_show_specific_survey":0,"_uf_disable_surveys":false,"_glsr_average":0,"_glsr_ranking":0,"_glsr_reviews":0,"footnotes":""},"class_list":["post-701","page","type-page","status-publish","hentry"],"yoast_head":"<!-- This site is optimized with the Yoast SEO plugin v27.4 - https:\/\/yoast.com\/product\/yoast-seo-wordpress\/ -->\n<title>Audit &amp; contr\u00f4le a\u00e9raulique - mise en propret\u00e9 - Novalair<\/title>\n<meta name=\"description\" content=\"Le contr\u00f4le a\u00e9raulique et l&#039;audit des installations de ventilation et d\u2019a\u00e9ration font partie des obligations du chef d\u2019entreprise\" \/>\n<meta name=\"robots\" content=\"index, follow, max-snippet:-1, max-image-preview:large, max-video-preview:-1\" \/>\n<link rel=\"canonical\" href=\"https:\/\/www.novalair.lu\/index.php\/audit-controle-aeraulique-mise-en-proprete\/\" \/>\n<meta property=\"og:locale\" content=\"fr_FR\" \/>\n<meta property=\"og:type\" content=\"article\" \/>\n<meta property=\"og:title\" content=\"Audit &amp; contr\u00f4le a\u00e9raulique - mise en propret\u00e9 - Novalair\" \/>\n<meta property=\"og:description\" content=\"Le contr\u00f4le a\u00e9raulique et l&#039;audit des installations de ventilation et d\u2019a\u00e9ration font partie des obligations du chef d\u2019entreprise\" \/>\n<meta property=\"og:url\" content=\"https:\/\/www.novalair.lu\/index.php\/audit-controle-aeraulique-mise-en-proprete\/\" \/>\n<meta property=\"og:site_name\" content=\"Novalair\" \/>\n<meta property=\"article:modified_time\" content=\"2024-09-11T15:55:48+00:00\" \/>\n<meta name=\"twitter:card\" content=\"summary_large_image\" \/>\n<meta name=\"twitter:label1\" content=\"Dur\u00e9e de lecture estim\u00e9e\" \/>\n\t<meta name=\"twitter:data1\" content=\"1 minute\" \/>\n<script type=\"application\/ld+json\" class=\"yoast-schema-graph\">{\"@context\":\"https:\\\/\\\/schema.org\",\"@graph\":[{\"@type\":\"WebPage\",\"@id\":\"https:\\\/\\\/www.novalair.lu\\\/index.php\\\/audit-controle-aeraulique-mise-en-proprete\\\/\",\"url\":\"https:\\\/\\\/www.novalair.lu\\\/index.php\\\/audit-controle-aeraulique-mise-en-proprete\\\/\",\"name\":\"Audit & contr\u00f4le a\u00e9raulique - mise en propret\u00e9 - Novalair\",\"isPartOf\":{\"@id\":\"https:\\\/\\\/www.novalair.lu\\\/#website\"},\"datePublished\":\"2023-04-09T06:59:14+00:00\",\"dateModified\":\"2024-09-11T15:55:48+00:00\",\"description\":\"Le contr\u00f4le a\u00e9raulique et l'audit des installations de ventilation et d\u2019a\u00e9ration font partie des obligations du chef d\u2019entreprise\",\"breadcrumb\":{\"@id\":\"https:\\\/\\\/www.novalair.lu\\\/index.php\\\/audit-controle-aeraulique-mise-en-proprete\\\/#breadcrumb\"},\"inLanguage\":\"fr-FR\",\"potentialAction\":[{\"@type\":\"ReadAction\",\"target\":[\"https:\\\/\\\/www.novalair.lu\\\/index.php\\\/audit-controle-aeraulique-mise-en-proprete\\\/\"]}]},{\"@type\":\"BreadcrumbList\",\"@id\":\"https:\\\/\\\/www.novalair.lu\\\/index.php\\\/audit-controle-aeraulique-mise-en-proprete\\\/#breadcrumb\",\"itemListElement\":[{\"@type\":\"ListItem\",\"position\":1,\"name\":\"Accueil\",\"item\":\"https:\\\/\\\/www.novalair.lu\\\/\"},{\"@type\":\"ListItem\",\"position\":2,\"name\":\"Audit &#038; contr\u00f4le a\u00e9raulique &#8211; mise en propret\u00e9\"}]},{\"@type\":\"WebSite\",\"@id\":\"https:\\\/\\\/www.novalair.lu\\\/#website\",\"url\":\"https:\\\/\\\/www.novalair.lu\\\/\",\"name\":\"Novalair\",\"description\":\"L&#039;excellence au service de l&#039;eau et de l&#039;air\",\"publisher\":{\"@id\":\"https:\\\/\\\/www.novalair.lu\\\/#organization\"},\"potentialAction\":[{\"@type\":\"SearchAction\",\"target\":{\"@type\":\"EntryPoint\",\"urlTemplate\":\"https:\\\/\\\/www.novalair.lu\\\/?s={search_term_string}\"},\"query-input\":{\"@type\":\"PropertyValueSpecification\",\"valueRequired\":true,\"valueName\":\"search_term_string\"}}],\"inLanguage\":\"fr-FR\"},{\"@type\":\"Organization\",\"@id\":\"https:\\\/\\\/www.novalair.lu\\\/#organization\",\"name\":\"Novalair\",\"url\":\"https:\\\/\\\/www.novalair.lu\\\/\",\"logo\":{\"@type\":\"ImageObject\",\"inLanguage\":\"fr-FR\",\"@id\":\"https:\\\/\\\/www.novalair.lu\\\/#\\\/schema\\\/logo\\\/image\\\/\",\"url\":\"https:\\\/\\\/www.novalair.lu\\\/wp-content\\\/uploads\\\/2023\\\/04\\\/cropped-Logo_without_baiseline.png\",\"contentUrl\":\"https:\\\/\\\/www.novalair.lu\\\/wp-content\\\/uploads\\\/2023\\\/04\\\/cropped-Logo_without_baiseline.png\",\"width\":865,\"height\":177,\"caption\":\"Novalair\"},\"image\":{\"@id\":\"https:\\\/\\\/www.novalair.lu\\\/#\\\/schema\\\/logo\\\/image\\\/\"}}]}<\/script>\n<!-- \/ Yoast SEO plugin. -->","yoast_head_json":{"title":"Audit & contr\u00f4le a\u00e9raulique - mise en propret\u00e9 - Novalair","description":"Le contr\u00f4le a\u00e9raulique et l'audit des installations de ventilation et d\u2019a\u00e9ration font partie des obligations du chef d\u2019entreprise","robots":{"index":"index","follow":"follow","max-snippet":"max-snippet:-1","max-image-preview":"max-image-preview:large","max-video-preview":"max-video-preview:-1"},"canonical":"https:\/\/www.novalair.lu\/index.php\/audit-controle-aeraulique-mise-en-proprete\/","og_locale":"fr_FR","og_type":"article","og_title":"Audit & contr\u00f4le a\u00e9raulique - mise en propret\u00e9 - Novalair","og_description":"Le contr\u00f4le a\u00e9raulique et l'audit des installations de ventilation et d\u2019a\u00e9ration font partie des obligations du chef d\u2019entreprise","og_url":"https:\/\/www.novalair.lu\/index.php\/audit-controle-aeraulique-mise-en-proprete\/","og_site_name":"Novalair","article_modified_time":"2024-09-11T15:55:48+00:00","twitter_card":"summary_large_image","twitter_misc":{"Dur\u00e9e de lecture estim\u00e9e":"1 minute"},"schema":{"@context":"https:\/\/schema.org","@graph":[{"@type":"WebPage","@id":"https:\/\/www.novalair.lu\/index.php\/audit-controle-aeraulique-mise-en-proprete\/","url":"https:\/\/www.novalair.lu\/index.php\/audit-controle-aeraulique-mise-en-proprete\/","name":"Audit & contr\u00f4le a\u00e9raulique - mise en propret\u00e9 - Novalair","isPartOf":{"@id":"https:\/\/www.novalair.lu\/#website"},"datePublished":"2023-04-09T06:59:14+00:00","dateModified":"2024-09-11T15:55:48+00:00","description":"Le contr\u00f4le a\u00e9raulique et l'audit des installations de ventilation et d\u2019a\u00e9ration font partie des obligations du chef d\u2019entreprise","breadcrumb":{"@id":"https:\/\/www.novalair.lu\/index.php\/audit-controle-aeraulique-mise-en-proprete\/#breadcrumb"},"inLanguage":"fr-FR","potentialAction":[{"@type":"ReadAction","target":["https:\/\/www.novalair.lu\/index.php\/audit-controle-aeraulique-mise-en-proprete\/"]}]},{"@type":"BreadcrumbList","@id":"https:\/\/www.novalair.lu\/index.php\/audit-controle-aeraulique-mise-en-proprete\/#breadcrumb","itemListElement":[{"@type":"ListItem","position":1,"name":"Accueil","item":"https:\/\/www.novalair.lu\/"},{"@type":"ListItem","position":2,"name":"Audit &#038; contr\u00f4le a\u00e9raulique &#8211; mise en propret\u00e9"}]},{"@type":"WebSite","@id":"https:\/\/www.novalair.lu\/#website","url":"https:\/\/www.novalair.lu\/","name":"Novalair","description":"L&#039;excellence au service de l&#039;eau et de l&#039;air","publisher":{"@id":"https:\/\/www.novalair.lu\/#organization"},"potentialAction":[{"@type":"SearchAction","target":{"@type":"EntryPoint","urlTemplate":"https:\/\/www.novalair.lu\/?s={search_term_string}"},"query-input":{"@type":"PropertyValueSpecification","valueRequired":true,"valueName":"search_term_string"}}],"inLanguage":"fr-FR"},{"@type":"Organization","@id":"https:\/\/www.novalair.lu\/#organization","name":"Novalair","url":"https:\/\/www.novalair.lu\/","logo":{"@type":"ImageObject","inLanguage":"fr-FR","@id":"https:\/\/www.novalair.lu\/#\/schema\/logo\/image\/","url":"https:\/\/www.novalair.lu\/wp-content\/uploads\/2023\/04\/cropped-Logo_without_baiseline.png","contentUrl":"https:\/\/www.novalair.lu\/wp-content\/uploads\/2023\/04\/cropped-Logo_without_baiseline.png","width":865,"height":177,"caption":"Novalair"},"image":{"@id":"https:\/\/www.novalair.lu\/#\/schema\/logo\/image\/"}}]}},"_links":{"self":[{"href":"https:\/\/www.novalair.lu\/index.php\/wp-json\/wp\/v2\/pages\/701","targetHints":{"allow":["GET"]}}],"collection":[{"href":"https:\/\/www.novalair.lu\/index.php\/wp-json\/wp\/v2\/pages"}],"about":[{"href":"https:\/\/www.novalair.lu\/index.php\/wp-json\/wp\/v2\/types\/page"}],"author":[{"embeddable":true,"href":"https:\/\/www.novalair.lu\/index.php\/wp-json\/wp\/v2\/users\/1"}],"replies":[{"embeddable":true,"href":"https:\/\/www.novalair.lu\/index.php\/wp-json\/wp\/v2\/comments?post=701"}],"version-history":[{"count":36,"href":"https:\/\/www.novalair.lu\/index.php\/wp-json\/wp\/v2\/pages\/701\/revisions"}],"predecessor-version":[{"id":1622,"href":"https:\/\/www.novalair.lu\/index.php\/wp-json\/wp\/v2\/pages\/701\/revisions\/1622"}],"wp:attachment":[{"href":"https:\/\/www.novalair.lu\/index.php\/wp-json\/wp\/v2\/media?parent=701"}],"curies":[{"name":"wp","href":"https:\/\/api.w.org\/{rel}","templated":true}]}}

Audit &#038; contrôle aéraulique &#8211; mise en propreté

<div data-elementor-type="wp-page" data-elementor-id="701" class="elementor elementor-701">
						<section class="elementor-section elementor-top-section elementor-element elementor-element-1c11de3 elementor-section-boxed elementor-section-height-default elementor-section-height-default" data-id="1c11de3" data-element_type="section" data-e-type="section">
						<div class="elementor-container elementor-column-gap-default">
					<div class="elementor-column elementor-col-100 elementor-top-column elementor-element elementor-element-edd9ba6" data-id="edd9ba6" data-element_type="column" data-e-type="column">
			<div class="elementor-widget-wrap elementor-element-populated">
						<div class="elementor-element elementor-element-aa3906b elementor-widget elementor-widget-text-editor" data-id="aa3906b" data-element_type="widget" data-e-type="widget" data-widget_type="text-editor.default">
				<div class="elementor-widget-container">
									<p><strong>Contrôle de Qualité de l’Air Intérieur</strong><br /><strong>Contrôle des paramètres physico-chimiques et microbiologiques de l’air :</strong></p><ul><li>Température</li><li>Hygrométrie</li><li>Dioxyde de Carbone (CO<sup>2</sup>)</li><li>Monoxyde de Carbone (CO)</li><li>Composés Organiques Volatiles Totaux (COVT)</li><li>Formaldéhyde, Benzène, Dioxyde d’Azote</li><li>Particules fines PM2.5 / PM10</li><li>Flore Bactérienne, Flore Fongique</li><li>Germes pathogènes</li></ul><p><strong>Audit et mesure acoustiques des installations</strong><br /><strong>Expertise des nuisances sonores et mesures correctives<br /></strong><strong>Audit Aéraulique et contrôles règlementaires</strong> des ventilations de confort et spécifiques, réseaux de désenfumage, réseaux VMC.</p><p><strong>Audit technique des installations de ventilation</strong><br />Audit de performance des systèmes aérauliques et de filtration de l’air</p><p><strong>Inspection vidéo robotisée</strong><br />Audit photos numériques de toute installation aéraulique (Réseau de ventilation de confort, VMC, désenfumage)</p><p><strong>Contrôle de l’empoussièrement des réseaux de ventilation</strong><br />La norme NF EN 15780 décrit les exigences et procédures générales nécessaires pour évaluer et maintenir la propreté des réseaux de ventilation.</p><p><strong>Hygiène et sécurité au poste de travail</strong><br />Contrôle périodique des équipements de laboratoires PSM, Sorbonnes, armoires ventilées, bras articulés.</p><p><strong>Qualification des Z.E.C (Zones à Empoussièrement Maîtrisées).</strong><br />Zone à l’intérieur de laquelle la concentration en particules de l’air ambiant est maintenue sous contrôle.</p><p><strong>Audit et contrôle de filtration de l’air</strong><br />Tests d’intégrité des filtres haute efficacité</p>								</div>
				</div>
					</div>
		</div>
					</div>
		</section>
				</div>

<p>Contrôle de Qualité de l’Air IntérieurContrôle des paramètres physico-chimiques et microbiologiques de l’air : Température Hygrométrie Dioxyde de Carbone (CO2) Monoxyde&#8230;</p>

<!-- This site is optimized with the Yoast SEO plugin v27.4 - https://yoast.com/product/yoast-seo-wordpress/ -->
<title>Audit &amp; contrôle aéraulique - mise en propreté - Novalair</title>
<meta name="description" content="Le contrôle aéraulique et l&#039;audit des installations de ventilation et d’aération font partie des obligations du chef d’entreprise" />
<meta name="robots" content="index, follow, max-snippet:-1, max-image-preview:large, max-video-preview:-1" />
<link rel="canonical" href="https://www.novalair.lu/index.php/audit-controle-aeraulique-mise-en-proprete/" />
<meta property="og:locale" content="fr_FR" />
<meta property="og:type" content="article" />
<meta property="og:title" content="Audit &amp; contrôle aéraulique - mise en propreté - Novalair" />
<meta property="og:description" content="Le contrôle aéraulique et l&#039;audit des installations de ventilation et d’aération font partie des obligations du chef d’entreprise" />
<meta property="og:url" content="https://www.novalair.lu/index.php/audit-controle-aeraulique-mise-en-proprete/" />
<meta property="og:site_name" content="Novalair" />
<meta property="article:modified_time" content="2024-09-11T15:55:48+00:00" />
<meta name="twitter:card" content="summary_large_image" />
<meta name="twitter:label1" content="Durée de lecture estimée" />
	<meta name="twitter:data1" content="1 minute" />
<script type="application/ld+json" class="yoast-schema-graph">{"@context":"https:\/\/schema.org","@graph":[{"@type":"WebPage","@id":"https:\/\/www.novalair.lu\/index.php\/audit-controle-aeraulique-mise-en-proprete\/","url":"https:\/\/www.novalair.lu\/index.php\/audit-controle-aeraulique-mise-en-proprete\/","name":"Audit & contrôle aéraulique - mise en propreté - Novalair","isPartOf":{"@id":"https:\/\/www.novalair.lu\/#website"},"datePublished":"2023-04-09T06:59:14+00:00","dateModified":"2024-09-11T15:55:48+00:00","description":"Le contrôle aéraulique et l'audit des installations de ventilation et d’aération font partie des obligations du chef d’entreprise","breadcrumb":{"@id":"https:\/\/www.novalair.lu\/index.php\/audit-controle-aeraulique-mise-en-proprete\/#breadcrumb"},"inLanguage":"fr-FR","potentialAction":[{"@type":"ReadAction","target":["https:\/\/www.novalair.lu\/index.php\/audit-controle-aeraulique-mise-en-proprete\/"]}]},{"@type":"BreadcrumbList","@id":"https:\/\/www.novalair.lu\/index.php\/audit-controle-aeraulique-mise-en-proprete\/#breadcrumb","itemListElement":[{"@type":"ListItem","position":1,"name":"Accueil","item":"https:\/\/www.novalair.lu\/"},{"@type":"ListItem","position":2,"name":"Audit &#038; contrôle aéraulique &#8211; mise en propreté"}]},{"@type":"WebSite","@id":"https:\/\/www.novalair.lu\/#website","url":"https:\/\/www.novalair.lu\/","name":"Novalair","description":"L&#039;excellence au service de l&#039;eau et de l&#039;air","publisher":{"@id":"https:\/\/www.novalair.lu\/#organization"},"potentialAction":[{"@type":"SearchAction","target":{"@type":"EntryPoint","urlTemplate":"https:\/\/www.novalair.lu\/?s={search_term_string}"},"query-input":{"@type":"PropertyValueSpecification","valueRequired":true,"valueName":"search_term_string"}}],"inLanguage":"fr-FR"},{"@type":"Organization","@id":"https:\/\/www.novalair.lu\/#organization","name":"Novalair","url":"https:\/\/www.novalair.lu\/","logo":{"@type":"ImageObject","inLanguage":"fr-FR","@id":"https:\/\/www.novalair.lu\/#\/schema\/logo\/image\/","url":"https:\/\/www.novalair.lu\/wp-content\/uploads\/2023\/04\/cropped-Logo_without_baiseline.png","contentUrl":"https:\/\/www.novalair.lu\/wp-content\/uploads\/2023\/04\/cropped-Logo_without_baiseline.png","width":865,"height":177,"caption":"Novalair"},"image":{"@id":"https:\/\/www.novalair.lu\/#\/schema\/logo\/image\/"}}]}</script>
<!-- / Yoast SEO plugin. -->

Audit & contrôle aéraulique - mise en propreté - Novalair

Le contrôle aéraulique et l'audit des installations de ventilation et d’aération font partie des obligations du chef d’entreprise
